 + 89. Suppose 7*u = 2*u - 110. Let s = a + u. Determine g(s).
-11
Let o(b) = 48 - 92 + 44 - 2*b. What is o(-3)?
6
Suppose 0 = -5*j - 4*n + 45, -4*n = -4*j - 3*n + 15. Let m(z) be the second derivative of 1/4*z**4 + 0 + 0*z**2 - 1/6*z**3 + j*z. Calculate m(2).
10
Let c(f) = 6 + 2 - 2 + f + 4 + 0. What is c(-3)?
7
Let l(u) be the third derivative of 0*u - 4*u**2 + 1/120*u**6 + 1/60*u**5 + 0*u**4 + 0 - 1/6*u**3. Let s be ((-16)/(-24))/((-2)/(-3)). What is l(s)?
1
Let m(k) = -91*k**3 + 90*k**3 - 1 - k + 5 + 3*k**2. What is m(3)?
1
Suppose -5*y = -43 - 27. Suppose -y*i + 15*i - 5 = 0. Let p(c) = -c**3 - 1 - 7*c + 0 - i*c**2 - 5 - c**2. Determine p(-5).
4
Let w(t) = 9 + t - 1 - 1 - 5*t + 5*t. What is w(-6)?
1
Let m(k) = 25*k + 4. Let j(v) = 22*v + 3. Let w(i) = -5*j(i) + 4*m(i). What is w(-1)?
11
Let a(b) = 53*b**2 - 3*b - 2. Let m(u) = -97*u**2 + 6*u + 4. Let k(v) = -11*a(v) - 6*m(v). Suppose 4*q = -q - 20. Calculate k(q).
-6
Let v(w) = w**3 + w**2 + 2*w. Suppose -3*r - 4*b - 20 = 0, -2*r + 8 = -3*b - 7. Let s be v(r). Let j(x) = -x**3 + x**2 + 9. Calculate j(s).
9
Let a be 4/(-72)*-32 + 4/18. Let d(r) = -8*r**a - 5*r + r**3 + 23*r**2 - 2*r**2 - 9*r**2. What is d(-5)?
0
Suppose -3*q + 3 = 0, 2*g + 4*q = g + 11. Let s(p) = -3*p**3 + 0 + 7*p**3 + 8*p**2 - 3*p**3 + g*p - 4. Calculate s(-7).
-4
Let j = -1453 + 1450. Let h(u) = u**3 - u**2 + 4*u + 4. Determine h(j).
-44
Suppose -30*a + 33*a - 3*y = 21, -5*a - 4*y = -8. Let x(t) = -2*t + 6. What is x(a)?
-2
Let i(s) be the second derivative of 1/2*s**3 + 0 - s**2 + 13*s. Determine i(-4).
-14
Let h(k) = -2*k + 5. Let w be h(1). Let r(j) = 11*j**2 - 15*j - 9. Let n(d) = 5*d**2 - 7*d - 4. Let s(f) = -9*n(f) + 4*r(f). Determine s(w).
0
Let n(c) = 2*c + 27270*c**2 - 4*c - 27277*c**2 + 5*c - 4 + c**3 + 4*c. Calculate n(6).
2
Let h(g) = -g**2. Let b be 2/1 + -2 - 0. Let p(r) = 6*r**2 + r**3 + 8*r**2 + 11*r**2 - 24*r**2 + r + 3. Let n be p(b). What is h(n)?
-9
Let y(f) = f**2 + 7*f + 1. Let i be 9/(-9)*15/3. Determine y(i).
-9
Suppose 11 + 1 = 4*j. Suppose -j*d + 2*a + 3 - 2 = 0, 4*d - a - 3 = 0. Let i(m) = -7 + 2 + 5 - 22*m + d. Give i(1).
-21
Let k(i) = -5*i**2 - i**3 + 112*i + 0*i**3 - 6 - 120*i - 5*i**2 + 2*i**2. Calculate k(-7).
1
Let m(u) = 2*u**3 + u**2 + 3*u. Let j(r) = 11*r**3 + 8*r**2 + 10*r - 6. Let x(n) = -j(n) + 5*m(n). What is x(-4)?
2
Suppose -3*t - 3*g = -15, 0 = 2*t - 2*g - 2*g - 4. Suppose 4 = t*f + 12. Let l(h) = 5*h + 3. Calculate l(f).
-7
Suppose 0 = 4*z - 11 - 1. Let d be ((-4)/z)/(4/(-6)). Let o(s) = d + 5 + s - 1 + 5. What is o(-6)?
5
Let c(d) = 5*d**2 - 17*d**2 - d**3 - 3 - 25*d + 37*d - 11. Give c(-13).
-1
Let o(x) be the first derivative of -x**4/4 - x**3 - 2*x + 19. Determine o(-3).
-2
Let s(n) = -4*n**3 + 5*n**2 - 2*n - 10. Let b(f) = 3*f**3 - 5*f**2 + 2*f + 7. Let p(c) = 3*b(c) + 2*s(c). Determine p(3).
-11
Let a(k) = -k**2 + k - 5. Suppose 19 = 5*m + 3*t - 5*t, 10 = 4*m + t. Suppose -c + 3 = s + 1, m*c - s + 2 = 0. Calculate a(c).
-5
Let j(t) = t**3 + 2*t**2 - t + 1. Let o = 106 + -106. Give j(o).
1
Let y(f) = -f**3 + f**2. Let u(m) = -2*m - 5 - m**3 + 2*m**2 + 5*m**2 - m**3. Suppose 2*i - 4 - 2 = 0. Let q(k) = i*y(k) - u(k). Calculate q(-4).
-3
Let f(x) = x**3 - 15*x**2 + x - 16. Suppose 38*o - 30*o = 120. What is f(o)?
-1
Let g(b) = b**2 - b + 2. Let a(x) = x**3 + 10*x**2 + 19*x + 3. Let s(c) = a(c) + g(c). What is s(-9)?
5
Let x(s) be the third derivative of -s**6/120 + 7*s**5/60 - 5*s**4/24 + 2*s**3/3 - s**2. Suppose -30*o + 32 + 148 = 0. Calculate x(o).
10
Suppose -7*v = -23 - 12. Let k be 2/v + (-32)/5. Let a(f) = f**3 + 5*f**2 - 6*f - 1. Give a(k).
-1
Let h(b) be the second derivative of b**4/12 - 4*b**2 + 4*b. Suppose -3*x = -3, -5*x + x = -3*z + 98. Let t = z - 34. What is h(t)?
-8
Let l(m) = m**2 + 11*m - 1. Let w be l(-11). Let z(c) = 6*c**2 + 1. Give z(w).
7
Let l(p) = -p**3 - 2*p - 2. Let z(d) = -2*d**2 - 45*d + 70. Let q be z(-24). Calculate l(q).
10
Let g(k) be the first derivative of 9*k**2 - k - 184. Give g(-1).
-19
Let k(l) = -l**3 + 7*l**2 - 6*l - 2. Let i(b) = 143*b - 72*b + 11 - 72*b. Let c be i(6). Calculate k(c).
18
Let w(m) = 3*m**2 + 7*m + 3. Let g(z) = -z - 1. Let v(u) = 6*g(u) + w(u). Give v(-2).
7
Let l(s) be the third derivative of -s**8/2016 + s**7/2520 - s**6/720 + s**5/10 + 11*s**2. Let u(m) be the third derivative of l(m). Determine u(1).
-9
Suppose 0 = 3*l - 0*l - 3. Let b(d) = -3*d + 2. Let i(u) = u**2 - 11*u + 7. Let x(w) = 7*b(w) - 2*i(w). Give x(l).
-1
Suppose 2*a - 1 = 5. Suppose 0 = c + 2*u - a*u + 9, -3*u = 5*c + 5. Let f(b) = -b**3 - 5*b**2 - 6*b - 4. Calculate f(c).
4
Let f(l) = -3*l - 6*l**2 - l + 4*l**3 + 3*l - 6 - 5*l**3. Determine f(-6).
0
Let h(i) be the first derivative of -i**4/4 - i**3 + 5*i**2/2 + 6*i + 2. Suppose -93*n - 174 = 198. Calculate h(n).
2
Let n(o) = -o**2 - 19*o - 21. Let g be n(-18). Let l(j) = j**3 + 3*j**2 - j - 2. What is l(g)?
1
Let u(f) be the third derivative of f**4/6 - 2*f**3/3 - f**2 + 2. What is u(-7)?
-32
Let j(g) be the second derivative of -g**4/12 + 2*g**3/3 + 4*g**2 - 9*g - 1. What is j(7)?
-13
Suppose 5*t = -4*m - 11, -5*t = -2*m - 2*t - 11. Let w(b) = 5*b - 8*b - b - 3. What is w(m)?
13
Let f be (-1 + 1)*1/2. Let o be f - 2/(-2)*1. Let u(h) = -3 + 1 + 4*h**2 - h + 0*h + 3. Determine u(o).
4
Let v(t) = -t**2 + 9*t - 15. Let g be v(6). Let d(u) = 6*u**2 - 252 - u + 247 + 0*u**3 + u**g. What is d(-6)?
1
Suppose -k + 11 = 4*q, -k + 24 = q - 5*k. Let w(x) = -7*x**2 + q + 429*x**3 - 428*x**3 - x - 8*x. What is w(8)?
-4
Let s be (6 + 0)*(-1)/(-2). Let c(n) be the third derivative of -n**4/24 - 2*n**3/3 - 311*n**2. Give c(s).
-7
Let w(r) = -r**3 - 5*r**2 - 7*r - 6. Let l(c) = -c**2 - 3*c + 5. Let j be (28/(-21))/(1/3). Let d be l(j). Let p be (-4 + 6)/(d/(-2)). Calculate w(p).
6
Let r = -18 - -14. Let y(x) = -x**3 - 5*x**2 - 3*x - 2. Calculate y(r).
-6
Let r(z) = -6*z + 18 - 7*z**2 + 6*z**2 - 16. Give r(-8).
-14
Let b be (-1 - -2) + 6*(-6)/36. Let m(p) = -p**2 - p - 16. Determine m(b).
-16
Let l(b) = b**2 + 12*b - 15. Let q(j) = 8*j + 3. Let v be q(-2). Calculate l(v).
-2
Let r(n) = n**3 + 14*n**2 - 16*n - 15. Let j be r(-15). Suppose -6 = 2*a - j. Let m be ((-2)/a)/((-4)/6). Let q(k) = 2*k**3 + 1. Determine q(m).
-1
Suppose 0 = -14*d + 3*d. Suppose d = 6*z + 20 - 2. Let q(s) = 4*s**2 + s**3 + s**2 + s + 4*s + 2. What is q(z)?
5
Let k(w) = -w**3 - 10*w**2 + 12*w + 21. Let z be k(-11). Let a(b) = -6*b**2 + 1 + z - 12. What is a(-1)?
-7
Let x = 4 - 3. Let h = -2 + x. Let v(j) = -j**2 + 4. Let l(k) = -k**2 + 1. Let z(o) = 3*l(o) - v(o). Calculate z(h).
-3
Let o(i) = i**2 + 10*i + 4. Let s = 53 + -61. Determine o(s).
-12
Let f(a) = -a - 20. Let k(b) = -6*b**2 - 2*b. Let r(t) = -5*t**2 - 2*t. Let o(j) = 4*k(j) - 5*r(j). Let d be o(-2). What is f(d)?
-20
Suppose 4*x - 10 = 3*l + 4, 4*l + x = 13. Let b(i) = -4*i**3 + 4*i**2 + 2*i - 9. Let t(h) = -h**3 + h**2 - 1. Let o(v) = b(v) - 6*t(v). What is o(l)?
9
Let v(k) = 2*k + 42. Suppose -2*n = -t + 5*t + 44, 4*n = -2*t - 76. Calculate v(n).
6
Let m(s) = 6*s**3 + 5*s**2 + 14*s - 2. Let a(f) = -f**3 - 2*f**2 - 4*f + 1. Let h(l) = 5*a(l) + m(l). Suppose -12 = 2*o - 4*o. Calculate h(o).
3
Let g(n) = 9*n + 4 + 4 + 1 + 2. Let o be g(-2). Let s(w) = -w - 1. Calculate s(o).
6
Let i(m) = 11*m**2 - 2*m - 1. Let s(a) = 2*a + 10*a + 5*a - 2*a**3 - 1 - 15*a. Suppose 1 + 4 = 5*q. Let n be s(q). Calculate i(n).
12
Let z(c) = c**3 + 22. Suppose h + 4 - 1 = -x, -x + 5*h = -27. Suppose o + 3*o = x*o. What is z(o)?
22
Let u(l) = 6 - 40 + 13 + 5 + 2*l - 1. Determine u(4).
-9
Suppose 0 = -8*r + 15 + 17. Suppose y = 10 - r. Let v(i) = 8 - 7*i**2 + 3*i + 0*i**3 + 3*i**3 - 2*i**3. Determine v(y).
-10
Let u(v) = -v + 1. Let z be u(-1). Let l = -1 - z. Let t(w) be the third derivative of w**6/120 + w**5/15 + w**4/6 + 2*w**3/3 - 816*w**2. What is t(l)?
1
Let l(c) = 34*c**2 + 2*c + 28*c**2 + 26 - 66*c**2 - 28. Let o be (-32)/(-14) - 2/7. What is l(o)?
-14
Let w(j) = -j**3 + 5*j**2 - 2*j - 2. Let i(s) = s + 4. Let b = 13 - 13. Suppose b = 3*a + 5*f + 25, -a - 20 = -6*a + 4*f. Let h be i(a). Calculate w(h).
6
Let q(x) = -x**3 - 4*x**2 - 3*x + 3. Let d be q(-4). Suppose 0 = 3*j + 2*j + d. Let g(u) = -u**2 - 2*u - 4*u**2 + 4*u**2 + 4. Calculate g(j).
1
Let h(j) = -3*j**3 + 9*j**2 + 6*j - 2. Let 